1
List the prime factors of 93559.
93559
List the prime factors of 2237160.
2, 3, 5, 103, 181
What are the prime factors of 194755?
5, 11, 3541
List the prime factors of 388766.
2, 7, 3967
List the prime factors of 435994.
2, 13, 41, 409
What are the prime factors of 652958?
2, 326479
What are the prime factors of 1863870?
2, 3, 5, 62129
List the prime factors of 6749890.
2, 5, 7, 211, 457
What are the prime factors of 222522?
2, 3, 37087
List the prime factors of 6094049.
13, 468773
List the prime factors of 1411187.
17, 19, 257
What are the prime factors of 239384?
2, 23, 1301
What are the prime factors of 14681641?
13, 883, 1279
List the prime factors of 4443628.
2, 7, 151, 1051
List the prime factors of 273317.
11, 24847
What are the prime factors of 1052284?
2, 263071
List the prime factors of 2830146.
2, 3, 11, 137, 313
List the prime factors of 15980187.
3, 17, 431, 727
List the prime factors of 2325369.
3, 23, 67, 503
What are the prime factors of 4011788?
2, 11, 73, 1249
List the prime factors of 3353212.
2, 29, 137, 211
List the prime factors of 641238.
2, 3, 13, 8221
List the prime factors of 1198313.
17, 70489
List the prime factors of 559390.
2, 5, 13, 331
What are the prime factors of 14120464?
2, 882529
What are the prime factors of 3607779?
3, 7, 171799
List the prime factors of 514314.
2, 3, 28573
What are the prime factors of 1078070?
2, 5, 7, 15401
List the prime factors of 36453691.
36453691
What are the prime factors of 375889?
23, 59, 277
List the prime factors of 7333405.
5, 59, 24859
What are the prime factors of 939164?
2, 234791
What are the prime factors of 909221?
379, 2399
List the prime factors of 332135.
5, 181, 367
List the prime factors of 2713547.
53, 51199
What are the prime factors of 407811?
3, 135937
List the prime factors of 10967676.
2, 3, 31, 29483
What are the prime factors of 96490?
2, 5, 9649
List the prime factors of 44450712.
2, 3, 179, 3449
List the prime factors of 3171282.
2, 3, 17, 31091
List the prime factors of 31102.
2, 15551
What are the prime factors of 811041?
3, 7, 11, 3511
What are the prime factors of 842523?
3, 11, 211
What are the prime factors of 444175?
5, 109, 163
List the prime factors of 9239644.
2, 2309911
List the prime factors of 583573.
79, 83, 89
What are the prime factors of 187548?
2, 3, 15629
List the prime factors of 72657.
3, 13, 23
List the prime factors of 3978462.
2, 3, 37, 17921
List the prime factors of 213442.
2, 106721
List the prime factors of 2699.
2699
List the prime factors of 141979.
23, 6173
What are the prime factors of 3099730?
2, 5, 401, 773
List the prime factors of 20248781.
7, 2892683
List the prime factors of 453396.
2, 3, 37783
What are the prime factors of 2068498?
2, 1034249
What are the prime factors of 11103?
3, 3701
What are the prime factors of 87938?
2, 43969
List the prime factors of 386024.
2, 73, 661
List the prime factors of 170595.
3, 5, 17, 223
What are the prime factors of 60429?
3, 20143
List the prime factors of 309309.
3, 7, 11, 13, 103
What are the prime factors of 2083238?
2, 1041619
What are the prime factors of 83202?
2, 3, 7, 283
What are the prime factors of 276065?
5, 55213
List the prime factors of 87202.
2, 59, 739
What are the prime factors of 18760312?
2, 2345039
What are the prime factors of 77554?
2, 17, 2281
List the prime factors of 5192484.
2, 3, 11, 139, 283
What are the prime factors of 2677236?
2, 3, 223103
What are the prime factors of 1865052?
2, 3, 7, 2467
What are the prime factors of 1824269?
1824269
What are the prime factors of 14823220?
2, 5, 163, 4547
What are the prime factors of 16074801?
3, 595363
What are the prime factors of 580789?
11, 37, 1427
List the prime factors of 11199494.
2, 31, 5827
List the prime factors of 190871.
190871
What are the prime factors of 36814218?
2, 3, 7, 876529
List the prime factors of 191123.
191123
What are the prime factors of 4373975?
5, 174959
What are the prime factors of 363112?
2, 45389
List the prime factors of 8471383.
23, 439, 839
What are the prime factors of 1419376?
2, 7, 19, 23, 29
List the prime factors of 981353.
503, 1951
What are the prime factors of 11083248?
2, 3, 11, 6997
List the prime factors of 1939045.
5, 19, 20411
List the prime factors of 309729.
3, 7, 43
What are the prime factors of 2418794?
2, 7, 17, 10163
List the prime factors of 1846061.
7, 263723
List the prime factors of 103236.
2, 3, 7, 1229
What are the prime factors of 128878?
2, 64439
What are the prime factors of 157436?
2, 39359
List the prime factors of 149142.
2, 3, 7, 53, 67
List the prime factors of 432918.
2, 3, 8017
List the prime factors of 190788.
2, 3, 13, 1223
What are the prime factors of 3733815?
3, 5, 59, 4219
What are the prime factors of 1382130?
2, 3, 5, 5119
What are the prime factors of 31963082?
2, 15981541
What are the prime factors of 676091?
13, 131, 397
List the prime factors of 1436120.
2, 5, 7, 23, 223
List the prime factors of 1331351.
7, 89, 2137
List the prime factors of 12802311.
3, 29, 181, 271
List the prime factors of 22958084.
2, 89, 64489
List the prime factors of 12684697.
271, 46807
List the prime factors of 335535.
3, 5, 22369
List the prime factors of 2552757.
3, 31, 27449
What are the prime factors of 6628594?
2, 7, 473471
What are the prime factors of 1931964?
2, 3, 160997
List the prime factors of 2170456.
2, 53, 5119
What are the prime factors of 19931130?
2, 3, 5, 73819
List the prime factors of 1203550.
2, 5, 24071
List the prime factors of 689035.
5, 19, 7253
List the prime factors of 1609169.
17, 103, 919
List the prime factors of 3168437.
683, 4639
List the prime factors of 11003663.
11, 1000333
List the prime factors of 6092494.
2, 17, 29, 37, 167
List the prime factors of 17458964.
2, 4364741
What are the prime factors of 294287?
7, 17, 2473
What are the prime factors of 1934691?
3, 11, 23, 2549
What are the prime factors of 69458?
2, 34729
What are the prime factors of 243933?
3, 17, 4783
What are the prime factors of 234710?
2, 5, 7, 479
What are the prime factors of 710505?
3, 5, 19, 277
List the prime factors of 710568.
2, 3, 71, 139
What are the prime factors of 3527266?
2, 1013, 1741
List the prime factors of 4794984.
2, 3, 79, 281
List the prime factors of 1431168.
2, 3, 3727
What are the prime factors of 5003102?
2, 13, 337, 571
What are the prime factors of 212000?
2, 5, 53
What are the prime factors of 2056470?
2, 3, 5, 13, 5273
What are the prime factors of 129224?
2, 29, 557
What are the prime factors of 4534918?
2, 1259, 1801
What are the prime factors of 7012467?
3, 7, 11, 3373
What are the prime factors of 417104?
2, 131, 199
What are the prime factors of 745970?
2, 5, 74597
List the prime factors of 3005290.
2, 5, 397, 757
List the prime factors of 622783.
7, 88969
List the prime factors of 2500313.
811, 3083
What are the prime factors of 151694?
2, 73, 1039
What are the prime factors of 4842162?
2, 3, 13, 20693
List the prime factors of 4846.
2, 2423
What are the prime factors of 2377613?
7, 339659
What are the prime factors of 781847?
11, 17, 37, 113
What are the prime factors of 131832?
2, 3, 1831
What are the prime factors of 7308731?
83, 173, 509
List the prime factors of 118933.
23, 5171
List the prime factors of 2831927.
7, 137, 2953
List the prime factors of 235789.
235789
What are the prime factors of 5114622?
2, 3, 852437
List the prime factors of 858237.
3, 43, 6653
List the prime factors of 2569942.
2, 1284971
What are the prime factors of 275507?
137, 2011
List the prime factors of 710383.
710383
What are the prime factors of 812363?
812363
What are the prime factors of 9696433?
9696433
List the prime factors of 296152.
2, 37019
What are the prime factors of 1292638?
2, 31, 20849
List the prime factors of 187980.
2, 3, 5, 13, 241
What are the prime factors of 1339442?
2, 13, 51517
What are the prime factors of 1463239?
37, 71, 557
What are the prime factors of 42289?
13, 3253
What are the prime factors of 1357013?
7, 193859
List the prime factors of 328494.
2, 3, 53, 1033
What are the prime factors of 40245?
3, 5, 2683
What are the prime factors of 1627822?
2, 7, 116273
List the prime factors of 1345560.
2, 3, 5, 11213
What are the prime factors of 69651?
3, 71, 109
What are the prime factors of 337